)?
-4
Let m(n) = n + 3. Let i be m(0). Let b = 3 + i. Let w(z) be the first derivative of z**2/2 - 6*z + 1. Give w(b).
0
Let l(h) = -h**2 + h + 1. Let i = -1 + 6. Let a(y) = 2*y**3 - i*y**2 + y**2 - y**3 + 5*y - 4. Let s be a(3). Determine l(s).
-1
Let y be (-8)/(3/(6/(-4))). Suppose q - y = -4*p, 3*q + q = p - 1. Let v(m) = m + 2. Calculate v(q).
2
Let z = 118 - 124. Let o(x) = -x**2 - 10*x - 7. What is o(z)?
17
Let b(n) = 0*n**2 + 2*n**2 + 0*n**3 + 3 - 4 + 2*n**3. Calculate b(-1).
-1
Let z(s) = -s + 2*s - 15 + 2*s - 4*s. Determine z(-12).
-3
Let q(x) be the third derivative of -x**5/60 - x**4/24 + x**3/6 + x**2. Let s = -16 + 7. Let z be -3*1/(s/6). Determine q(z).
-5
Let d(q) = q**2 + 4*q - 7. Suppose y - 2 = 4. Suppose c + y = 31. Suppose -l + 6*l + c = 0. Calculate d(l).
-2
Suppose 0 = -4*k + 5 + 7. Let o(u) = -3 + k + 0*u + 2 + u. What is o(-2)?
0
Let r(n) = n**2 + 1. Let u(m) = m**2 + 5*m. Let i be u(-5). Give r(i).
1
Let f be (-148)/(-28) + (-2)/7. Suppose -a - 2*h - 12 = a, -f*a - 4*h - 30 = 0. Let u(p) = p**2 + 5*p - 8. Determine u(a).
-2
Let f be 2/(0/(-2) + 2). Suppose -5*g - 2*w + 6 + 0 = 0, -3*g + 5*w = 15. Let i(m) = -m + g*m + 0 - f. Calculate i(-1).
0
Let t(p) be the first derivative of p**4/4 + 2*p**3/3 - p**2 - 4*p - 1. Suppose 4*d = 2*g + g + 25, 2*g - 14 = -5*d. Determine t(g).
-7
Let c(g) = -g + 5. Let n be c(1). Let j(f) = -f - 3 - 2*f + f + f**2. Determine j(n).
5
Let p(j) = 3*j**2 + 10*j - 8. Let c = 6 + -2. Let h(q) = 2 + c*q**2 - 7 + 15*q - 10 + 3. Let f(a) = -5*h(a) + 7*p(a). What is f(4)?
0
Let z = -7 + 10. Let u(p) be the first derivative of -p**4/4 + 4*p**3/3 - p**2 - 106. Calculate u(z).
3
Let v(i) = -2*i + 2*i**3 + 0*i**3 + 3*i**2 - 2*i**2. Let g = -4 - -2. What is v(g)?
-8
Let k(z) = -2*z**3 + 2*z**2 + z. Let o be k(-1). Let i(j) = -j**2 - 3*j + 1. Determine i(o).
-17
Suppose 25 = -5*c, 3*o + c + 0 = -11. Let g(h) = -4*h - 2. Determine g(o).
6
Let n(a) = -a**2 + 4*a + 4. Let x be n(4). Let c(w) = w**3 + 3 + 0 - w + 0*w - x*w**2 + 2. What is c(4)?
1
Let o be -1*1/(2/(-2)). Let y be 1/1*(-12 + 2). Let b be 2/o - y/5. Let g(z) = -z**2 + 4*z - 5. Determine g(b).
-5
Let m(g) = g**3 + 2*g**2 - 2*g - 2. Suppose -2*c + 15 = c. Suppose -c*r = -8 - 2. Determine m(r).
10
Let z be 88/14 - 4/14. Suppose -z = -5*o + 24. Let b(w) = -3*w**2 - 2 - 2*w**2 + o*w**2 + 5*w. What is b(-6)?
4
Let r be (-129)/(-27) + 4/18. Let j(q) = 0 - 2*q + 0*q**2 - r + q**2. Calculate j(4).
3
Let d(j) = -2*j - 3. Let r be d(-3). Let m = -1 + r. Let o(u) = -u + 5 + u + m*u. What is o(-4)?
-3
Let f = -443/6 + 74. Let m(s) be the third derivative of 0*s + f*s**3 + 1/24*s**4 - 3*s**2 + 0. Calculate m(2).
3
Let g(z) = z - 3. Let c(b) = -b - 6. Let n be c(-6). Give g(n).
-3
Let x(l) be the second derivative of -1/15*l**5 + 1/120*l**6 + 0 + 1/3*l**3 - l**2 + 3*l + 1/8*l**4. Let w(d) be the first derivative of x(d). Determine w(3).
2
Let s(i) = i**2 - 4. Suppose -2*q = -8 - 2. Suppose g + q*l + 10 = 6*g, -7 = -2*g - l. Calculate s(g).
5
Let o = 11 + -11. Let n(f) be the second derivative of -2*f + o + 1/3*f**3 - 3*f**2. Calculate n(4).
2
Let x = 0 - -1/12. Let k(b) be the second derivative of 2*b - x*b**4 - 1/2*b**2 + 0 + 0*b**3. Calculate k(2).
-5
Let j(y) = 6*y**2 + y + 1. Suppose 0 = h - 3*h. Suppose 5*o + 2*k - 40 = -3*k, h = -5*o + k + 40. Let w = o + -9. Give j(w).
6
Let t(j) be the third derivative of -j**4/24 + j**3/6 - 18*j**2. Give t(4).
-3
Let t(a) = -a**2 - 8*a - 2. Let n(h) = -h**2 - 7*h - 2. Let m(x) = -3*n(x) + 2*t(x). Suppose -c + 5*i = -4, 4*c + i + 3*i = -32. Calculate m(c).
8
Let h(l) = -l**2 + 3*l - 4. Suppose -10*b + 13*b = 9. Determine h(b).
-4
Let j = -1 + 7. Let t(x) = -2*x + 8. Calculate t(j).
-4
Let h = -12 + 22. Let c(t) = -t + 22. Give c(h).
12
Let q(g) = 13*g**3 - 3*g**2 + 8*g - 3. Let f(z) = 7*z**3 - z**2 + 4*z - 2. Let n(o) = 11*f(o) - 6*q(o). What is n(6)?
8
Let k(b) be the third derivative of -b**5/60 + b**4/24 - b**3/3 - 2*b**2. What is k(2)?
-4
Let q(n) = n**3 - 5*n**2. Let v(a) be the third derivative of a**4/6 + a**3/3 - a**2. Let m be v(3). Suppose -4*u + m = -6. What is q(u)?
0
Let h(t) be the second derivative of -t**3/6 - 3*t**2 + 5*t. Calculate h(5).
-11
Suppose 0 = 4*o - 2*u - 8, -3*u - 12 = -3*o - 0*u. Let p(b) = -b**2 - b - 5. Determine p(o).
-5
Let t = -2 - 1. Let p(s) = -4*s - 1. Let g(h) = 3*h + 1. Let a(x) = t*g(x) - 2*p(x). Let u be a(4). Let o(n) = n + 5. What is o(u)?
0
Let g be -6 - 0*4/8. Let t(j) = j**3 + 5*j**2 - 8*j - 5. Give t(g).
7
Let j(b) = -b**2 + 4*b - 3. Suppose -d = -2*d - 4*n - 5, -d = -n - 5. Determine j(d).
0
Let j(b) = b**2 - 4*b - 1. Let n(x) = -2*x - 6. Let d be n(-5). Suppose 0 = 3*v + 2*l + 9, 5*v - 3*v + d*l + 6 = 0. Let i(p) = -p. Let u be i(v). Give j(u).
-4
Let t(n) = -5*n**2 - 6*n - 6 - 4*n**3 + 0*n**3 + 5*n**3. Let i be t(6). Let f(v) = -v**3 - 5*v**2 + 9*v + 9. What is f(i)?
-9
Let k(m) = -7*m**2 - 32*m - m**3 - 3 + 0*m**3 + 40*m. Calculate k(-8).
-3
Let f(y) = -18*y**2 + 3*y - 3. Let j(o) = -o**2 + o - 1. Let x(s) = f(s) - 2*j(s). Determine x(1).
-16
Let g = 12 + -12. Let x(y) = 3 - 2*y**2 + 5*y + 4*y**2 + g*y**2 + 0*y**2. What is x(-3)?
6
Let g be (-9)/12*(-5 + 1). Suppose x = 4*x - 6. Let r(h) = 5 - 5*h + h**x + 1 + g - 11. Give r(6).
4
Suppose 0 = -4*j - k - 5, -j - 4*k = -8 - 2. Let y(p) = p**2 - p. Let x(b) = 3*b**2 - 3*b. Let f(s) = 4*x(s) - 11*y(s). Give f(j).
6
Let w = 4 - 2. Let i(y) = -y**2 - 6*y. Let x be i(-5). Suppose w*a + 13 = 7*a + 2*f, x = -5*f. Let t(k) = k**3 - 3*k**2 - 2*k. What is t(a)?
-6
Let q(r) = 1. Let u = 1 - 7. Let h(l) = l + 12. Let x(c) = u*q(c) + h(c). Give x(0).
6
Let g(x) = x - 4. Let z be g(0). Let t = z - -6. Let i(s) = s - s - t - 2*s. Calculate i(2).
-6
Let o(j) be the first derivative of -j**3 + 2*j**2 - 5*j - 9. Let n(r) be the first derivative of o(r). What is n(3)?
-14
Suppose n + 10 = -n. Let f(c) be the third derivative of -c**6/120 - c**5/10 - 5*c**4/24 + 5*c**3/6 + 4*c**2. Calculate f(n).
5
Let o(q) be the second derivative of 1/4*q**4 + 0 + 1/2*q**3 - 1/20*q**5 + 5/2*q**2 + q. Give o(4).
1
Let t(q) be the second derivative of -q + 0 + 0*q**2 + 1/60*q**5 + 1/12*q**4 - 1/6*q**3 + 1/360*q**6. Let c(z) be the second derivative of t(z). What is c(-4)?
10
Let c(j) = -6*j**2 + j + 2. Let u(v) = -5*v**2 + v + 3. Let o(w) = 3*c(w) - 2*u(w). Let i = -12 - -13. Let n be 4/i + (-1 - 2). Calculate o(n).
-7
Let w(v) be the second derivative of v**5/20 + v**4/4 - 7*v**3/6 - v**2/2 - 41*v. Give w(-5).
-16
Let v(t) = 12*t**2 - 2*t + 1. Let g be -20 + 23 - (0 - -2). Give v(g).
11
Let p(b) = 0 - b**2 + 5*b + 2 + 2. What is p(4)?
8
Let o(h) = h - 9. Suppose 0 = -5*y + 5 + 10. Let a be ((10 - y)*-1)/1. Let z = a - -14. Determine o(z).
-2
Suppose 0 = 3*n - 2*n - 2. Let t(i) = n - 5*i + 2 + 6*i - 5. Determine t(-4).
-5
Let z(k) = -4 - 15*k**2 + 14*k**2 - 2 - 8*k. Give z(-7).
1
Let j(q) = q + 1. Let p(b) = b**3 + 6*b**2 - 8*b - 5. Let v be p(-7). Determine j(v).
3
Let m be (-1 - -5)*(-5)/(-10). Let w(v) = -v**2 + v + v**m + 4*v**2. Suppose -11*c + 7*c + 4 = 0. What is w(c)?
5
Let n be 0 - (-3)/(-1)*-1. Let h(t) = 5*t + 1 - 4*t - 6*t. Let f(z) = -3*z + 1. Let c(l) = 7*f(l) - 4*h(l). Give c(n).
0
Let d be 3 - (-3 - (-1 + -1)). Suppose 5*m - 4*a = 11, -5*m + 2*a - 1 = -d. Let s(i) = -i**2 - 2*i - 1. Give s(m).
0
Let x(c) be the first derivative of -1/3*c**3 + c + 2 + 3/2*c**2. Let r(u) = -u**3 - 3*u**2 + 3*u - 1. Let h be r(-4). Give x(h).
1
Let i be (-2)/11 - (-8)/44. Let t(a) = -4*a + 3*a + 0*a + 0*a + 5. Calculate t(i).
5
Let y(k) be the first derivative of -k**3/3 - 2*k**2 - 5*k - 29. Determine y(-4).
-5
Let y(j) be the second derivative of -j**5/20 + j**4/4 - j**3/6 - j**2/2 - 8*j. Give y(3).
-4
Suppose 4*y + 0*c = -3*c - 6, 0 = 3*y + 5*c + 10. Let f(k) = k**3 - k**2 - k + 9. Calculate f(y).
9
Suppose -5*i + 6*i = 1. Let r(s) = s. Calculate r(i).
1
Let i(u) = u**3 - 5*u**2 + 5*u - 4. Let c(s) = -s + 4. Let p be c(4). Let v = 3 + p. Give i(v).
-7
Let w(j) = -7*j + 4. Let s be 3 - -1*(4 + -1). Let u(v) = -v. Let z(d) = -4*d + 1. Let i(x) = -3*u(x) + z(x). Let o(p) = s*i(p) - w(p). Calculate o(-3).
-1
Let p(d) be the first derivative of -1/3*d**3 + 0*d**2 + 2*d + 1. Determine p(2).
-2
Let y(q) = -3*q + q - 4*q + 5*q. What is y(-1)?
1
Let m(p) = 32 -